2)/(3/(-4)). Let h be (r - 1)*(-8 + 5). Suppose v - 5 = 2*o + 4, o + h = 5*v. What is the greatest common factor of v and 9?
1
Let x(h) = h**3 - 14*h**2 + h - 9. Let c be x(14). What is the greatest common divisor of c and 85?
5
Let g = -16 + 130. Calculate the highest common factor of g and 6.
6
Let k(g) = g**2 + 5*g + 25. Let b be k(-4). Let o(j) = 4*j**2 + 7*j + 3. Let u be o(6). Calculate the greatest common divisor of u and b.
21
Suppose -a + 3 = 0, -3*r + r = 3*a - 39. Calculate the highest common divisor of 3 and r.
3
Let u be (32/(-1) - -1)*-1. Suppose 13 = 4*k - u. Suppose 3*l + 242 = 5*l. Calculate the highest common divisor of k and l.
11
Suppose 6*p - 10*p + 540 = 0. What is the highest common factor of p and 27?
27
Let t(d) = -29*d**3 - 2*d**2 - 3*d - 2. Let i be t(-1). What is the highest common divisor of 126 and i?
14
Let j be ((-2)/5)/(14/(-4480)). What is the highest common divisor of 16 and j?
16
Suppose x = -2*y - 11, -5*y + 3 = -3*x + 36. Let n(v) = -v - 4. Let s be n(y). Let b be 5/(-2)*(-3 - -1). Calculate the greatest common factor of s and b.
1
Let a be 3/3 - (4 - 2). Let v be a/(3 + 48/(-15)). Calculate the highest common factor of v and 45.
5
Let j = 31 + -16. Calculate the highest common factor of 15 and j.
15
Suppose -5*o - 12 - 17 = -3*n, n - 4 = -4*o. Let h be 129/(-15) - (-6)/(-15). Let g be h/6 + (-57)/(-6). Calculate the greatest common factor of g and n.
8
Let g be (3/(-2))/((-1)/4). Suppose 3 = 5*a - 37. Let s be 0 + a*g/4. What is the highest common divisor of 30 and s?
6
Suppose 2*p + 2*p - 195 = -5*f, -2*f - 120 = -2*p. What is the highest common divisor of p and 5?
5
Suppose 14 = -3*v + 5*v. Calculate the highest common divisor of v and 1.
1
Let v(h) = h**3 - 2*h**2 - h - 5. Let x be v(5). Let j be (-1712)/(-26) + 10/x. Let p = 16 + -10. What is the greatest common factor of p and j?
6
Let v = 44 - 29. What is the highest common divisor of v and 135?
15
Suppose 3*j = -2*b + 4, -5*b + 3 = 4*j - 0*b. Calculate the greatest common factor of 2 and j.
2
Suppose -5*q - t + 131 = 2*t, 5*t = 3*q - 99. What is the greatest common factor of 70 and q?
14
Let q(i) = -i**3 - i**2 + i + 8. Let z be q(0). Let s be 6*((-3)/18)/(2/(-8)). Calculate the greatest common divisor of s and z.
4
Suppose -2*v = 3*n - 61, 49 = 2*v + n - 2*n. Let x = 47 - v. Suppose -p = -0*p - x. What is the greatest common factor of 7 and p?
7
Let k = 342 - 150. What is the highest common divisor of 48 and k?
48
Let n(r) = -17*r + 1. Let d be n(-3). Calculate the greatest common factor of 130 and d.
26
Let m(n) = -n**2 + 3*n + 11. Let l be m(0). What is the highest common divisor of 33 and l?
11
Let j(x) = x**2 + 6*x - 14. Let z be j(-9). What is the greatest common divisor of z and 26?
13
Let k(g) = -g**3 + 10*g**2 + 5*g + 10. Let j be k(10). Suppose -5*i = 4*l - 66, -4*i - 5*l = -0*l - j. Calculate the greatest common factor of i and 20.
10
Suppose g + 2*g - 2265 = 0. Suppose -5*d - 3*b + 6*b + g = 0, 4*b - 20 = 0. Calculate the greatest common divisor of d and 22.
22
Suppose -3*w - 2*q + 101 = 0, -2*w + 49 + 19 = q. What is the highest common factor of w and 5?
5
Let r(o) = o**2 + 3*o + 2. Let i be r(-2). Suppose -343 = -5*p - k, 12 = 4*k - i. What is the greatest common factor of 17 and p?
17
Let p(k) = 2*k**2 + 0*k**2 + k**2 + 2 + 5 + 2*k. Let b be p(-5). What is the greatest common factor of b and 9?
9
Suppose 90*a - 92*a + 208 = 0. Calculate the greatest common divisor of a and 8.
8
Let y be (-23 + (-3 - -6))/(-2). Let l be (25/4)/(2/8). What is the highest common factor of y and l?
5
Let m = -14 + 47. Calculate the greatest common divisor of m and 77.
11
Let l be 14 + 0*(-3 + 4). What is the highest common divisor of l and 35?
7
Let y(x) = -2*x. Let k be y(4). Let s(n) = n**3 + 8*n**2 - n + 6. Let a be s(k). Suppose 3*b = 5*b - 70. What is the highest common divisor of a and b?
7
Let j = 14 + -11. Suppose -5*q + j = -72. Calculate the greatest common divisor of 165 and q.
15
Let l(j) = j**3 + 12*j**2 - 6*j + 8. Let a be l(-12). What is the highest common divisor of 32 and a?
16
Let p be ((-18)/12)/(2/(-20)). What is the greatest common divisor of p and 75?
15
Suppose 2*c = 7*c - 220. Calculate the highest common divisor of c and 66.
22
Suppose v = -2*v + 96. Let x = 19 - 11. Suppose 5*i = 5*f + 5, 4*f - 2*i = -2 + x. Calculate the greatest common divisor of f and v.
4
Let j = 32 + 58. Calculate the greatest common factor of j and 225.
45
Suppose -2*w = -4*p + 108, 0 = -4*p - w + 103 + 11. Calculate the greatest common factor of p and 280.
28
Suppose 186 + 214 = 5*q. Let h = 1 + -1. Suppose -3*z + 46 + 2 = h. Calculate the greatest common factor of q and z.
16
Suppose -k = 5*t - 725, -2*k = -4*t + k + 561. What is the highest common divisor of 16 and t?
16
Suppose 3*f - b = -5 + 35, 2*b - 30 = -3*f. What is the highest common factor of f and 30?
10
Suppose 0*b = 2*b - 4*j, 3*b + j = 21. Let k be b/21 - (-1195)/7. Calculate the greatest common divisor of 19 and k.
19
Let q(u) = u**2 - u + 36. Let w be (8/2)/(-3 + 5). Suppose -w*j = -j. Let r be q(j). What is the highest common divisor of 18 and r?
18
Let u = 6 - -1. Suppose -4*z - 5*t + 28 = -t, -z - 5*t = -7. Calculate the greatest common divisor of z and u.
7
Suppose 0 = 4*w + 2*m + m - 909, m = -5*w + 1139. Suppose 4*q - i - w = -5*i, 3*q - 2*i - 186 = 0. Calculate the greatest common factor of q and 10.
10
Suppose 2*k - 54 = 44. Let c = 1 - -6. What is the greatest common divisor of c and k?
7
Let b(i) = 2*i + 3. Let y be b(8). What is the highest common divisor of y and 209?
19
Suppose -7 - 12 = -y. Suppose -3*p + 53 = 3*g - 2*p, -3*g + 3*p + 69 = 0. Calculate the highest common divisor of y and g.
19
Let d be ((-6)/3)/(1/(-14)). What is the highest common divisor of 28 and d?
28
Let d = 10 - -60. Suppose p = 5*p - 40. What is the greatest common factor of p and d?
10
Let o(j) = 2*j**2 + 2*j + 3. Let q be o(-3). Suppose 5*f + 194 = 19. Let x = -20 - f. What is the greatest common factor of q and x?
15
Let t be 76/3 + 4/(-12). Let r = t + 35. What is the greatest common divisor of 20 and r?
20
Suppose -d + 112 = -2*x, 2*d - 376 = -d - 4*x. What is the highest common factor of d and 30?
30
Suppose 2*v = 50 + 420. What is the highest common divisor of 47 and v?
47
Let k(p) = -p**3 + p - 1. Let y be k(0). Let m = y - -3. Suppose -9 - 9 = -m*c. Calculate the highest common factor of c and 3.
3
Suppose 0 = d - 6 + 1, -4*d + 55 = 5*j. Let q(l) = l**2 + 4*l + 1. Let a be q(j). What is the greatest common factor of a and 13?
13
Suppose -t = -2*v + 4, -6*v - 5*t + 13 = -5*v. Suppose 215 + 41 = 4*y - 5*n, -v*y - n = -192. What is the highest common divisor of 16 and y?
16
Suppose 3*q - 17 = 1. What is the greatest common factor of q and 2?
2
Let c(o) = 12*o - 6. Let x be c(5). Suppose 3*j + 5 = -1. Let u be (5 - -3) + (j - 0). Calculate the greatest common factor of u and x.
6
Suppose -3*h = -5*h - 14. Let l = h + 10. What is the greatest common factor of 1 and l?
1
Let k = -173 - -271. Calculate the highest common divisor of 14 and k.
14
Let v = 27 - 14. Suppose 2*f = -4*s - 16, -3*f - s = -7*f + v. Suppose 5*p = 2*p + w + 22, f*w + 14 = p. What is the greatest common factor of p and 6?
6
Let o(g) = 35*g - 2. Let t be o(2). Suppose -a - 3*r = -0*a - 45, 0 = a + r - 49. Suppose 4*z - a = z. What is the greatest common divisor of z and t?
17
Let o = 24 - 23. Calculate the greatest common factor of 11 and o.
1
Let f = 5 - -4. Let i = 23 - f. What is the highest common divisor of 35 and i?
7
Let x be 0/1 - (-24)/4. Let m be ((-8)/3)/(2/(-6)). Let r = m - 4. Calculate the greatest common divisor of r and x.
2
Let z = 135 + -123. Calculate the highest common factor of 16 and z.
4
Let d be (-16)/(-3)*(-9)/(-6). Let n = 6 + -3. Let w be (-2)/n + (-124)/(-6). What is the highest common factor of d and w?
4
Let h be ((-12)/(-14))/((-2)/42). Let p be (-8)/(-3)*h/(-8). Let j(d) = 3*d + 6. Let b be j(4). Calculate the greatest common divisor of p and b.
6
Suppose o - 28 = -1. Calculate the highest common factor of o and 3.
3
Let a = -8 - -11. Suppose a = 4*q + 23. Let w = q - -7. Calculate the greatest common divisor of 5 and w.
1
Let k = 0 - -5. Suppose -89 = k*w - 264. Let n be 4/6 + 240/18. Calculat